8*n - 61. Calculate z(-14).
-145
Let a(j) = 96*j - 2111. Give a(22).
1
Let m(x) = -x**3 - 33*x**2 + 171*x + 12. Determine m(5).
-83
Let d(u) = u**2 + 832*u + 5023. Determine d(-6).
67
Let z(l) = 18*l - 255. Calculate z(38).
429
Let m(a) = -93*a + 46. Calculate m(-2).
232
Let a(q) = -3*q**2 + 52*q - 63. Calculate a(14).
77
Let a(m) = -4*m**2 - 4*m + 26. Give a(-9).
-262
Let x(s) = -944*s + 6611. Calculate x(7).
3
Let r(g) = -10*g + 265. Give r(27).
-5
Let m(u) = 152*u + 15. Calculate m(-1).
-137
Let w(d) = d**2 - 54*d + 149. Calculate w(3).
-4
Let p(o) = 10*o**2 + 71*o + 70. Calculate p(-6).
4
Let b(w) = -2377*w - 64167. Give b(-27).
12
Let l(x) = 120*x + 5516. Give l(-46).
-4
Let n(b) = b**3 + 6*b**2 - 161*b + 448. Give n(-17).
6
Let i(z) = 11*z**2 + 82*z + 81. Give i(-1).
10
Let w(z) = -116*z + 191. Calculate w(5).
-389
Let q(g) = 100*g + 533. What is q(-5)?
33
Let d(o) = -o**3 + 12*o**2 - 40*o + 108. Calculate d(9).
-9
Let m(n) = 2*n**3 - 83*n**2 + 425*n + 3. Give m(6).
-3
Let b(t) = 11*t + 378. Give b(-38).
-40
Let d(z) = -z**3 + 11*z**2 + 3*z - 61. What is d(0)?
-61
Let c(q) = 427*q**2 - 1287*q + 13. Give c(3).
-5
Let p(n) = 275*n + 29138. Give p(-106).
-12
Let g(b) = -b**3 - 9*b**2 + 142*b + 487. Determine g(-16).
7
Let g(o) = -o**3 - 10*o**2 + 4*o + 3. Calculate g(-4).
-109
Let t(v) = -131*v - 88. Give t(-1).
43
Let w(f) = f**3 + 6*f**2 + 22*f + 74. Determine w(-4).
18
Let c(h) = -h**2 + 108*h + 40. Give c(0).
40
Let l(a) = -a**3 + 14*a**2 - 32*a - 3. What is l(11)?
8
Let v(z) = -z**2 + 37*z + 365. Calculate v(45).
5
Let h(r) = -314*r - 5297. What is h(-17)?
41
Let k(i) = -543*i - 9. Determine k(0).
-9
Let n(u) = -u**2 - 1454*u - 15868. Calculate n(-11).
5
Let o(f) = -5918*f - 41406. Calculate o(-7).
20
Let y(c) = 1098*c - 4290. What is y(4)?
102
Let x(p) = 2*p**2 + 82. Give x(0).
82
Let g(c) = -c**2 + 28*c - 106. Calculate g(5).
9
Let z(n) = n**2 + 2*n - 6. Determine z(7).
57
Let n(s) = -416*s + 4174. Determine n(10).
14
Let n(i) = -14*i + 314. Calculate n(-12).
482
Let t(j) = -j**3 + 160*j**2 + 486*j + 465. What is t(163)?
-24
Let z(x) = -2*x**3 - 14. Calculate z(-2).
2
Let b(f) = f**3 - 33*f**2 + 158*f + 89. Calculate b(27).
-19
Let c(u) = 2*u**2 - 47*u + 270. What is c(12)?
-6
Let q(i) = -i - 25. Calculate q(-20).
-5
Let o(t) = 40*t - 19. What is o(-4)?
-179
Let j(d) = -2*d**2 - 12*d + 65. Give j(-15).
-205
Let v(c) = -25*c**2 + c + 34. Give v(4).
-362
Let p(w) = -w**3 + 34*w**2 - 281*w + 35. What is p(14)?
21
Let s(f) = -2*f**2 - 3*f - 7. Calculate s(-3).
-16
Let w(v) = -3*v**3 + 15*v**2 - 16*v + 12. What is w(7)?
-394
Let c(x) = 24*x - 208. What is c(2)?
-160
Let a(u) = 1745*u - 13993. Determine a(8).
-33
Let r(a) = -463*a + 10210. Calculate r(22).
24
Let o(w) = -14*w**2 + 16*w + 43. Determine o(-4).
-245
Let g(y) = y**3 + 58*y**2 + 624*y + 66. Determine g(-14).
-46
Let n(c) = -35*c + 295. Give n(13).
-160
Let m(q) = 290*q**2 + 2329*q + 56. Calculate m(-8).
-16
Let h(c) = -c**3 + 24*c**2 - 82*c + 36. Calculate h(20).
-4
Let z(x) = -4*x**2 + 201*x - 617. Give z(47).
-6
Let w(u) = -201*u**2 - 2*u - 1. What is w(-1)?
-200
Let v(j) = -j**3 - 17*j**2 - 39*j - 885. Give v(-16).
-517
Let x(a) = 10*a**2 - 11. Calculate x(-4).
149
Let j(v) = -171*v - 1373. Give j(-8).
-5
Let w(x) = 35*x**2 + 230*x - 5. What is w(-9)?
760
Let v(d) = -23*d + 1505. Determine v(61).
102
Let f(c) = 2*c**3 + 8*c**2 - 11*c + 7. Give f(-5).
12
Let k(w) = 152*w - 2123. Give k(14).
5
Let m(l) = 92*l - 6553. Give m(71).
-21
Let y(v) = v**3 + 5*v**2 - 29*v - 3. Calculate y(-8).
37
Let f(p) = 138*p - 1296. Calculate f(10).
84
Let q(v) = 12*v**2 + 102*v + 190. Give q(-2).
34
Let t(u) = 9*u**2 + 670*u + 295. What is t(-74)?
-1
Let h(a) = -a**3 + 8*a**2 + 184*a - 2. Determine h(18).
70
Let z(y) = -227*y - 51984. What is z(-229)?
-1
Let b(w) = -3*w**2 - 224*w - 1150. Determine b(-69).
23
Let x(o) = -9*o - 112. What is x(-6)?
-58
Let t(h) = -h**3 - 33*h**2 + 106*h - 31. Determine t(-36).
41
Let k(p) = -p**3 + 91*p**2 - 352*p + 368. Give k(87).
20
Let a(h) = -h**3 + 231*h**2 - 1348*h - 24. Calculate a(6).
-12
Let d(x) = 2*x**2 - 46*x - 329. Give d(29).
19
Let q(p) = 25*p**3 + p**2 - 2*p - 3. Calculate q(-2).
-195
Let n(q) = 2188*q + 19698. Calculate n(-9).
6
Let h(j) = 255*j + 513. Determine h(-2).
3
Let d(v) = -60*v + 25. What is d(4)?
-215
Let x(m) = m**3 - m**2 + 18*m - 81. What is x(0)?
-81
Let v(x) = x**3 + 211*x**2 + 10748*x - 245. Calculate v(-125).
5
Let k(g) = -124*g**2 - 4*g - 4. Calculate k(-1).
-124
Let x(p) = 2*p**2 + 20*p - 45. Give x(-12).
3
Let q(o) = -3*o**3 + 8*o**2 - 29*o + 82. What is q(3)?
-14
Let l(v) = 27*v - 430. Calculate l(16).
2
Let j(v) = v**2 - 38*v + 199. Give j(31).
-18
Let z(d) = 12*d + 259. What is z(-22)?
-5
Let m(p) = p**3 - 2*p**2 + p + 157. What is m(0)?
157
Let m(r) = 6*r**2 + 576*r + 3441. What is m(-6)?
201
Let i(v) = 2*v**3 - 45*v**2 + 42*v - 409. Determine i(22).
31
Let k(n) = -20*n**2 + 10*n + 90. Determine k(3).
-60
Let o(u) = -109*u + 3601. Determine o(33).
4
Let w(y) = -4*y**3 + 378*y**2 - 194*y + 562. Determine w(94).
-2
Let f(d) = 19*d**2 + 17*d - 168. Give f(7).
882
Let s(o) = -8*o**2 - 131*o - 214. What is s(-15)?
-49
Let w(b) = 2*b**3 + 4*b**2 - 48*b - 141. Determine w(-3).
-15
Let x(s) = -8*s + 87. What is x(39)?
-225
Let y(q) = -q**3 + 23*q**2 - 14*q + 13. Determine y(23).
-309
Let x(h) = 161*h + 1147. What is x(-7)?
20
Let h(q) = 98*q - 2434. Give h(25).
16
Let n(b) = -b**2 - 27*b + 321. Calculate n(-36).
-3
Let r(h) = -h**2 - 33*h + 245. Give r(-31).
307
Let q(p) = 29*p**2 - 389*p + 175. Give q(13).
19
Let x(d) = -2*d**2 - 31*d + 827. What is x(14)?
1
Let r(c) = -267*c - 21631. Determine r(-81).
-4
Let x(a) = -90*a + 103. Give x(2).
-77
Let l(a) = 4*a**2 - 133*a - 106. Determine l(34).
-4
Let c(a) = a**3 - 19*a**2 - 843*a - 64. Calculate c(-21).
-1
Let h(l) = -l**2 - 30*l + 2390. Determine h(36).
14
Let t(h) = h**2 - 86*h + 1421. Determine t(23).
-28
Let d(m) = 282*m - 2247. Calculate d(8).
9
Let t(q) = 10*q**2 + 7*q - 16. Give t(6).
386
Let k(l) = 117*l + 7496. Calculate k(-64).
8
Let a(c) = 4*c**2 + 82*c + 250. Determine a(-16).
-38
Let z(g) = -g**2 + 7*g + 424. Determine z(22).
94
Let l(t) = 198*t - 802. What is l(4)?
-10
Let m(k) = -4*k**2 + 24*k + 50. What is m(-2)?
-14
Let y(o) = -o**3 - 33*o**2 + 73*o + 152. Calculate y(-35).
47
Let l(a) = a**2 - 18*a - 10536. Determine l(-94).
-8
Let b(k) = 9*k**2 + 145*k + 251. What is b(-14)?
-15
Let y(a) = -4*a**2 - 486*a + 3604. Calculate y(7).
6
Let f(r) = 12*r**2 + 331*r + 200. Calculate f(-27).
11
Let g(s) = 2*s**2 - 89*s - 8732. What is g(92)?
8
Let m(j) = 73*j - 3658. What is m(50)?
-8
Let v(n) = -14*n + 20. What is v(-8)?
132
Let q(j) = -9*j**3 + 207*j**2 - j + 30. Determine q(23).
7
Let n(p) = 3*p**3 - 37*p**2 - 118*p - 11. Determine n(-3).
-71
Let v(x) = -10*x + 73. Give v(10).
-27
Let a(n) = 4*n**2 + 13*n + 9. Give a(-1).
0
Let n(d) = -6*d - 19. Calculate n(4).
-43
Let y(g) = g**2 + 10*g - 6. Give y(7).
113
Let s(h) = -9*h**3 + 106*h**2 - 282*h + 3. Calculate s(4).
-5
Let p(b) = -5*b**2 + 42*b - 83. Calculate p(4).
5
Let v(s) = -2*s**2 + 23*s + 513. Give v(23).
-16
Let q(s) = s**2 + 3*s - 1430. Give q(-39).
-26
Let y(h) = 1957*h + 11743. Calculate y(-6).
1
Let h(q) = q**3 - 23*q**2 + 209*q - 2964. Calculate h(20).
16
Let p(j) = -j**3 - 14*j**2 - 42*j + 11. Calculate p(-11).
110
Let p(a) = 3*a**3 - 18*a**2 + 34*a - 7. Give p(4).
33
Let y(m) = m**2 - 56*m - 17. Determine y(44).
-545
Let z(q) = 1325*q + 47694. Give z(-36).
-6
Let p(a) = -2*a**3 + 17*a**2 - 8*a + 16. Give p(8).
16
Let f(k) = 49*k**2 - 138*k + 18. Determine f(3).
45
Let d(h) = 2*h**3 - 49*h**2 - 28*h + 69. Determine d(25).
-6
Let x(t) = -t**3 + 50*t**2 + 18*t + 1687. Calculate x(51).
4
Let n(k) = 163*k - 164. What is n(-1)?
-327
Let g(f) = -2488*f - 6. Calculate g(0).
-6
Let z(o) = -o**3 - 2*o**2 - 6*o - 10. Determine z(-4).
46
Let t(c) = -3*c**3 + 27*c**2 - 72*c - 33. What is t(7)?
-243
Let a(i) = 2*i**2 - 98*i - 738. What is a(-7)?
46
Let a(n) = 12*n**3 + 486*n**2 + 241*n - 6. Give a(-40).
-46
Let i(h) = -136*h**2 + h. Calculate i(1).
-135
Let o(x) = 28*x - 32. What is o(2)?
24
Let u(f) = -f**3 + 37*f**2 - f + 24. Determine u(37).
-13
Let s(a) = a**3 + 23*a**2 + 81*a + 298. Determine s(-20).
-122
Le